. Suppose 3*y = 25*c - 28*c + 16335, y + 5*c = d. Is y a composite number?
False
Suppose -28*k + 30945487 = 42*k + 11287457. Is k prime?
False
Let y(m) = m + 28. Suppose 5*w - 5*w - 3*w = 0. Let u be y(w). Is (-7)/(u/12) - -982 a composite number?
True
Let j(i) = i**3 + 10*i**2 - 2*i - 146. Let p be j(-8). Suppose 0 = t + 2. Is t*(p - -3) - -565 a prime number?
True
Let x be 12/36 + (-5)/(-3). Suppose 4*f - 3*c = -8*c + 1034, 0 = -x*f - 3*c + 518. Suppose 11*y - 7*y - 5*k = 335, -3*y + f = k. Is y a composite number?
True
Suppose -r + 2*s - 3 = 0, -3*r + 4*r + 2*s - 13 = 0. Is (4/(-3))/(40/(-1472940)) + r a composite number?
False
Let n be ((-13)/2)/13*108236/1. Let y = -36599 - n. Is y a prime number?
True
Let y(s) = 6718*s + 176. Is y(17) composite?
True
Suppose 0 = -31*o + 35*o - 5*l - 112, 3*o = l + 84. Suppose -3*f + 4*v = -42717, -o*f = -29*f - 5*v + 14258. Is f composite?
False
Let u = -49566 + 128153. Suppose 154625 + u = 28*w. Is w prime?
True
Let k = 334 - 337. Let y(i) = -261*i**3 + 2*i**2 - 3*i - 5. Is y(k) composite?
False
Suppose -28*m + 5*u - 1034376 = -29*m, m - 2*u - 1034362 = 0. Is m composite?
True
Suppose 0 = -50*m - 327950 + 96919 + 4721381. Is m a composite number?
True
Let m(f) = -4*f**3 - 15*f**2 - 21*f - 1621. Is m(-36) prime?
True
Let d = -54 - -104. Is (2 - 1)/(d/532550) a prime number?
True
Let w(s) = 1333*s + 7340. Is w(7) composite?
True
Let t = 491 + -451. Suppose 4648 = -32*a + t*a. Is a a composite number?
True
Let m(w) = 946*w**2 - 3*w + 4. Let z(y) = y**3 - 33*y**2 - 68*y - 67. Let a be z(35). Is m(a) composite?
True
Let a(q) = 3500*q**2 + 15*q - 66. Is a(5) a prime number?
True
Let j(o) = 149*o**2 + 66*o + 26. Is j(7) prime?
True
Is 356 + -365 + (-1031146)/(3/(-3)) prime?
True
Let m(o) = -127*o + 43. Let u(n) = 2*n + 42. Let v be u(-28). Is m(v) a composite number?
True
Let r(g) = -g**2 - 10*g + 3. Let k be r(-10). Suppose -3*y - k*j - 69 = 2*j, 2*y = 5*j - 21. Is 3/((-3)/(-986)) - (-18)/y prime?
False
Suppose -3672 - 38538 = 21*i. Let a = i + 3647. Is a composite?
False
Is (29 + -15082)/((-6)/(-9)*-3 + 1) a prime number?
True
Let u(o) = -4*o**3 - 6*o**2 - o - 20. Let h be (-2)/(396/195 - 2). Let v = h - -60. Is u(v) a composite number?
True
Let q(k) = 141*k**2 - 3*k + 25. Suppose 2*n = -3*f + 11, 0 = -6*f + 9*f + 9. Is q(n) prime?
False
Suppose -3*h + 4*m = -1477, 337*h = 342*h - 2*m - 2443. Is h a prime number?
True
Let h = 299 + -354. Is (-3992076)/h + 2/(-10) a composite number?
True
Let w(b) be the first derivative of -27*b**4/4 + b**3/3 - b**2/2 - 6*b + 6. Let m be w(-5). Suppose z - m - 196 = 0. Is z a composite number?
True
Let o(f) = f**3 - 17*f**2 + 15*f + 17. Let t be o(16). Is (25206/3)/(3 + -1)*t a prime number?
True
Suppose 0 = -s - 3*t + 4525, -38*t + 4549 = s - 41*t. Suppose 3*h = s + 41009. Is h prime?
False
Let q(k) = -3035*k + 44. Is q(-13) prime?
True
Let o(y) = 12*y**2 + 19*y. Let k(s) = -6*s**2 - 10*s. Let v(d) = 5*k(d) + 3*o(d). Let i be v(-5). Is (i/(-25))/((-1)/5) prime?
True
Suppose 4*q - 17056 = -4*l, 2*l - 3*l = 5*q - 21332. Suppose 2*k = k + 184. Suppose 3*u + k = q. Is u a prime number?
True
Let w(d) = -d**3 - 14*d**2 - 29*d - 13. Let j be w(-12). Suppose j*g + 22566 = 53*g. Is g prime?
True
Let x = -18779 - -35028. Is x a prime number?
True
Suppose 36*k - 10*k = -1034020 + 3018522. Is k a prime number?
False
Suppose -8770 = 3*d - 0*s + s, 3*s = -3. Let t = d + 7410. Is t a composite number?
True
Let o be 7/(-4)*(-9228)/3. Let u = -2418 + o. Let s = -1706 + u. Is s prime?
True
Let v(c) = 200139*c - 1232. Is v(1) composite?
True
Let s(v) = 6*v - 111. Let f be s(19). Suppose -6852 = -15*y + f*y. Is y composite?
False
Let p be ((-2)/3)/((-74)/(-111)). Is (4 + 0)*19444/(-16)*p composite?
False
Suppose 7*q - 330 - 251 = 0. Let n = -15 + q. Let p = n - -219. Is p a composite number?
True
Let y(m) be the second derivative of -19*m + 235/2*m**2 + 0 + 1/6*m**3. Is y(0) composite?
True
Let c(q) = 52329*q - 935. Is c(2) a prime number?
True
Suppose 0 = 3*k + 19 - 16. Let a(m) be the first derivative of 42*m**3 + 3*m**2/2 + 4. Is a(k) prime?
False
Let c(o) = -86 + 261*o**2 - 11*o - 81 + 142. Is c(-4) prime?
False
Let t be 2/((-2)/(-397)) + 0. Suppose -81*c + 66*c = 0. Suppose c = 3*o + 2*o - b - t, 148 = 2*o + 5*b. Is o a composite number?
False
Suppose 21*v - 25*v + 10074 = 19*v. Let g = 798 + -393. Suppose -1681 = -4*z + 5*f, -2*z + v = -5*f - g. Is z a composite number?
False
Let j be ((-80)/6)/(-4)*3/2. Suppose -21 = -j*h + 4. Suppose h*b - 348 = b. Is b a composite number?
True
Suppose -228*i - 1995710 = -233*i. Is 3 + (-31)/11 - i/(-22) a prime number?
True
Suppose -t - 644 = -2152. Suppose 5*s - 2256 = -3*q, 2*q - 2*s = 4*q - t. Is q a composite number?
False
Let l = 223749 - 83251. Is l composite?
True
Let u = -138842 + 372093. Is u a prime number?
True
Let m(l) = 4*l**2 - 4*l - 13. Let i be m(-2). Suppose -3526 = -n - r, 6*n - i*n - r = -17634. Is n a prime number?
True
Let a = -109 + 421. Suppose -2*y = -3*p - 6*y + 168, -4*y = -5*p + a. Let h = p - -922. Is h composite?
True
Suppose -13 = -4*b - 1, 0 = 2*s - 5*b - 3. Suppose -30 = g + s. Let q = g - -126. Is q prime?
False
Let t be 199 + 2 + -3 + 6. Let k be (54/12)/(-6*4/(-32)). Suppose 3*u = -3*i + t, -5*u = k*i - 8*i - 361. Is u prime?
True
Suppose 5020 = 2*s + 2*d, 6*s - s - d - 12550 = 0. Suppose -13 = -h + 4*p + 2, 2*h = 3*p + 15. Suppose s = h*z + 2*z. Is z a prime number?
False
Let y = -23028 - -46507. Is y/9 - (-18)/81 prime?
True
Suppose 270744 = 50*p - 643906. Is p a composite number?
True
Let y = 472 + 915. Is y - 6 - 5 - 3 prime?
True
Let a(h) = -3*h + 20. Let w be a(6). Suppose 9 = r + w*r, 2*k + 549 = -3*r. Let m = 400 - k. Is m prime?
False
Suppose 6*j + 275 = 287. Suppose -2*f + 19728 = j*p, -f - 15*p + 9865 = -13*p. Is f a composite number?
True
Suppose 5*b = -4*g + 7189 + 13052, -4*g = 4. Is b a composite number?
False
Is (8/6 + -2)*38/(2888/(-24464058)) a prime number?
False
Let c = 28 + -27. Suppose c + 1 = l. Suppose 4*f + 434 = l*r + 3238, -2*r = -8. Is f prime?
False
Let z = 20832 + -12019. Is z a prime number?
False
Suppose 5006*z - 5029*z = -1769689. Is z composite?
False
Suppose -253919 = -28*h + 18792437. Is h a prime number?
False
Suppose -u = -4*t + 96555, 13*t - 12*t = -u + 24140. Is t composite?
True
Let j(h) = 4*h**3 + 8*h**2 - 6*h - 13. Let i be (-10 - -4) + 3 + 0. Let l(v) = 3*v + 16. Let m be l(i). Is j(m) a prime number?
True
Let f(s) = -s**3 + 2*s**2 + 3. Let k be f(2). Let x(r) = 23 - 2*r**3 + 10*r + 3*r**k + 20*r**2 + 18*r - 14*r. Is x(-19) prime?
False
Suppose -4*j = -a + 172, 4*j = -0*a - a - 172. Let m = 41 + j. Is -2*(m - (-252)/(-8)) composite?
False
Suppose -5*t - 300982 = -2*k, 5*k + 3*t = 802536 - 50143. Suppose 0 = 5*y + 20, 5*a - k = 2*y + 2*y. Is 4/10 - a/(-105) a composite number?
True
Suppose 0 = -16*o - 25*o + 334765. Let s = 17262 - o. Is s a prime number?
False
Let q(t) = -27429*t - 91. Is q(-12) prime?
False
Is 2/5*8322990/52 composite?
True
Let v = 9 + -11. Let o be 382 + -4 + (v - -2). Is (o - (-4 - -8)) + -1 prime?
True
Suppose -z = -4*l - 99665, -22*z = -17*z - 4*l - 498309. Is z prime?
True
Let m = -113862 - -317731. Is m prime?
True
Suppose 176 = -2*t - 30. Let q = 105 + t. Suppose b + 5*s = 8583, 34260 = -b + 5*b + q*s. Is b a composite number?
False
Let n(q) = q**3 + 5*q**2 + 9*q - 9. Let r = -141 + 134. Let z be n(r). Let y = z - -361. Is y a composite number?
False
Let s(o) = 33 + 30 + 17 - 1059*o - 27. Is s(-4) a composite number?
False
Suppose 8*x - 3*x = 500. Suppose -32 = -x*q + 96*q. Suppose -4722 = -14*p + q*p. Is p composite?
False
Let u(r) = -29*r**2 + 2*r - 34. Let q be u(7). Let h = q + 2430. Is h composite?
True
Let l(h) = 591*h - 4. Let f(r) = r**2 - 2*r + 2. Let w be f(2). Let u be l(w). Suppose -d + u = 2*t, -5*t + 2947 = d + 2*d. Is t a composite number?
False
Is ((-27096436)/102)/((-28)/42) a composite number?
False
Suppose 89*f - 5776939 - 19786570 = 15933542. Is f prime?
False
Suppose 7 - 33 = -2*a. Suppose a*n + 533 = -65. Let x = n + 339. Is x composite?
False
Let b(g) = 17*g - 5. Let k be b(5). Let o = 51 + k. Suppose i - 106 - o = 0. Is i prime?
False
Let j(l) = 2*l**2 - 2*l - 7. Let o be j(0). Let y(a) = a + 9. Let s be y(o). Suppose 4*